he prime factors of f?
2, 5
Let x = 231 - 146. List the prime factors of x.
5, 17
Suppose -m + 12 = m. Let g = 10 - m. What are the prime factors of g?
2
List the prime factors of 5*(-6)/(-15) - -5.
7
Let n be (-6)/15 - 124/(-10). What are the prime factors of n + (0 - 8/4)?
2, 5
Suppose 0 = 3*f + 4*k + 7, -4*f - 5*k = -2*k + 7. What are the prime factors of (42/(-4))/(f/2)?
3, 7
Suppose 5*o + 1 = -2*j - 0, 5*o - j = 8. Let t(m) = 9*m + 1. List the prime factors of t(o).
2, 5
Suppose 0*v - 54 = 3*v. Let m = 26 + 2. Let j = v + m. List the prime factors of j.
2, 5
Suppose 2*c - c - 49 = -5*v, -5*c + 5*v = -95. What are the prime factors of c?
2, 3
Let f(t) = -2*t + 35. List the prime factors of f(7).
3, 7
Let a(x) be the first derivative of x**4/4 - 2*x**3/3 + x + 2. Let z be a(2). Suppose z = -g - d, -3*g + 2*g - 3*d - 7 = 0. List the prime factors of g.
2
Let q = -4 - 3. Suppose -4*d = -3*d - 2. What are the prime factors of (-61)/q + d/7?
3
Let a(m) = -7*m - 6. List the prime factors of a(-7).
43
Let l(m) = m**3 + 4*m**2 + 4*m + 3. Let b be l(-2). Suppose -b*i - i = -100. List the prime factors of i.
5
Let t = -435 + 37. Let v be t/(-5) - (-6)/15. List the prime factors of ((-3)/(-2))/(15/v).
2
List the prime factors of ((8/(-4))/(-1))/((-6)/(-381)).
127
Suppose -7*z + 9*z - 176 = 0. List the prime factors of z.
2, 11
Suppose 3*i + 4 = -2, -3*q + 4*i - 40 = 0. Let g = 2 - q. List the prime factors of g.
2, 3
Let i(g) = 2*g**2 - 3*g + 5. List the prime factors of i(4).
5
Suppose -3*u + a + 0*a = -70, -3*a + 78 = 3*u. What are the prime factors of u?
2, 3
Suppose 3*m + 2*w - 164 = 0, 5*m + 5*w - w = 276. Suppose -3*t + 6*g = g - m, 2*t - 18 = -5*g. What are the prime factors of t?
2, 7
Suppose -5*n + 27 + 15 = 4*o, -2*o - 2*n = -20. Let x = 1 + o. What are the prime factors of x?
3
Suppose 0 = -5*m + 212 - 57. List the prime factors of m.
31
What are the prime factors of 204/3 + (-4)/4?
67
Let f(g) = g**2 - 3*g - 6. Let r be f(5). Suppose 5*x = -4*b - 520, 442 = -r*x - 3*b + 5*b. What are the prime factors of (-3)/(-15) + x/(-10)?
11
Suppose 0 = 2*s + 3*s - 2*m + 15, -5*s + 4*m - 15 = 0. Let n be s/(-2)*(-14)/(-21). What are the prime factors of 198/15 + n/(-5)?
13
Suppose 6*n = n. Suppose -2*x + 17 = -3*d, n = -4*x - 0*d + d + 19. Suppose -3*k - 39 + x = -5*j, -3*k = -j - 5. What are the prime factors of j?
2, 5
Let l(j) be the third derivative of j**5/60 + j**4/6 + 5*j**3/6 + 6*j**2. List the prime factors of l(-4).
5
Suppose r - 366 = -2*r. What are the prime factors of r?
2, 61
Let a(u) = -32*u**3 + 2*u + 1. List the prime factors of a(-1).
31
Let x(s) = s. Let d be x(6). Let f = d + -4. Suppose -f*l = -5*t - 0 - 1, t = 4*l - 11. What are the prime factors of l?
3
Suppose -2 - 3 = -5*x. Suppose -15 = -y - x. What are the prime factors of y?
2, 7
Let z(m) = -278*m + 19. List the prime factors of z(-1).
3, 11
Let t be 2 + (12/3)/(-2). Suppose t = 13*q - 9*q - 40. List the prime factors of q.
2, 5
Let g = -6 + 0. Let j = 12 - g. What are the prime factors of j?
2, 3
Suppose -3*q + 97 + 545 = 0. List the prime factors of q.
2, 107
Let x = -7 - -11. Suppose 0*a = x*a - 40. List the prime factors of a.
2, 5
Let w be (-178)/6 - 1/3. Suppose -5*f + 3*n - 65 = 0, -5*f + 3*f - 2*n = 42. Let d = f - w. What are the prime factors of d?
2, 7
Suppose 4*g = 2*g + 30. Let b = 25 - g. Let k = b - -10. What are the prime factors of k?
2, 5
Let d = -113 - -204. What are the prime factors of d?
7, 13
Let a be -87*(2 - 1)*-1. Let q = a + -61. What are the prime factors of q?
2, 13
Let w be -2 - 0 - (-1 - 0). Let b = w + 13. What are the prime factors of b?
2, 3
Let l(i) = 4*i**3 + i**2 - i + 1. Let g be l(1). Suppose -155 = -3*f + 4*h, -g*h + h = 20. List the prime factors of f.
3, 5
Let j = -7 - -7. Suppose j = 4*o + 16, 3*i = -2*i + 4*o + 71. What are the prime factors of i?
11
Let a(x) = -8*x - 8. List the prime factors of a(-9).
2
Let m = -10 - 8. Let p = m - -28. What are the prime factors of p?
2, 5
Let x = -2 - 3. Let v be (-15)/x + (1 - 0). List the prime factors of v/(-18) - 112/(-18).
2, 3
Let c(q) = -q**2 + 5*q - 1. Let v be c(4). Let r(m) = 2 - 1 - m + v. List the prime factors of r(0).
2
Let c(x) = -x + 14. Let f be c(11). Suppose v + f*v + 5*l - 36 = 0, 5*l - 20 = 0. Suppose -3 = -q, 4*t - v*q - 14 = 10. List the prime factors of t.
3
Let n(x) = -x**3 - 5*x**2 + 4*x - 7. Let j be n(-6). Let d(v) = 8*v. What are the prime factors of d(j)?
2, 5
Let d be (-7)/(-1) + 2 - 1. Let r be 4/(-18) - 60/(-27). Let z = r + d. List the prime factors of z.
2, 5
Let c = -3 + 1. Let y be (-1)/(c/16*2). Suppose y = z - 5*r, 3*r = -2*z + r + 32. List the prime factors of z.
2, 7
Let v(g) = g**3 - 24*g**2 - 17*g - 16. What are the prime factors of v(25)?
2, 23
Suppose 5*k - 131 - 119 = 0. What are the prime factors of k?
2, 5
Suppose 0 = -5*b + 4*w, -w - 3 = 3*b - 4*w. Suppose -10 = -p - b*p. Suppose -2*y = p*y - 68. List the prime factors of y.
17
Let p(z) = 2*z - 6. Let n be p(5). Suppose -5*b + n*j = -177, 0 = -4*b + j + 2*j + 141. What are the prime factors of b?
3, 11
Suppose 5*p + 11 + 4 = 0. List the prime factors of (p/(-2))/((-2)/(-8)).
2, 3
Suppose -3*c + 0*c = 18. Let j = c - -14. Suppose -o - 3*o + j = 0. List the prime factors of o.
2
Suppose 12 = 15*u - 12*u. Suppose -u*j + 4*s = -204, -342 + 99 = -5*j + s. What are the prime factors of j?
2, 3
Let t be 16 - -1*(0 - -2). Let f = t - 25. Let o = f + 14. What are the prime factors of o?
7
Let l(m) = -m**2 + 21*m - 8. List the prime factors of l(11).
2, 3, 17
Suppose -3*p + 148 = 5*g, -p + 180 = 3*p - 2*g. List the prime factors of p.
2, 23
Suppose 5*d - 2*p = 42, 4 + 1 = -5*p. Let v be d/28 + (-206)/(-14). List the prime factors of (-4)/3*v/(-10).
2
Let g(o) = -8*o - 1. Let h be g(-1). Suppose -4*l = v - 53, 4*l + 2*v - h*v = 71. List the prime factors of l.
2, 7
Let h be (2 + (-24)/14)*7. List the prime factors of 5/(h - -1 - 2).
5
Let u(s) = 8*s**2 - 5*s - 3. Let t = -15 - -8. Let i(j) = -7*j**2 + 4*j + 2. Let o(r) = t*i(r) - 6*u(r). List the prime factors of o(-4).
2, 3
Let o(w) = -w**3 + 15*w**2 + 17*w + 9. What are the prime factors of o(16)?
5
Suppose 11*g - 522 = 8*g. List the prime factors of g.
2, 3, 29
Let b = -32 + 74. What are the prime factors of b?
2, 3, 7
Let j(b) = 3*b**2 - 5*b - 2. List the prime factors of j(5).
2, 3
Suppose 0*h - 109 = -2*h + 3*s, 3*h - 3*s = 165. List the prime factors of h.
2, 7
Suppose 2*k = -4*j - 9 + 3, 0 = -k + j - 12. Let w be (-1)/(-3*1/k). List the prime factors of (-26)/(-3) + w/(-9).
3
Let u(k) = 9*k**2 + 5*k + 7. What are the prime factors of u(-3)?
73
Suppose 0 = -k + 3. Suppose 0 = -k*u + u. Let d = u + 10. List the prime factors of d.
2, 5
Let c(z) = 17*z**2 + 9*z - 16*z**2 - 5 + 2. List the prime factors of c(-10).
7
Suppose -8*s + 3*s = 0. Let g(a) = -3*a**3 - 3*a**2 - 7*a - 29. Let r(b) = b**3 + b**2 + 2*b + 10. Let t(d) = 2*g(d) + 7*r(d). List the prime factors of t(s).
2, 3
Let l be -1 - (-3 - (-4 - -2)). Suppose -7*p + 2*p = 2*f, l = f. What are the prime factors of 1/((-3)/(-21)) + p?
7
List the prime factors of (-30)/9*504/(-15).
2, 7
List the prime factors of (-280)/(-100)*(-30)/(-4).
3, 7
Let n = 2 + -1. Let d = n + 3. Suppose d*h - 13 = 31. What are the prime factors of h?
11
Suppose -4*u + 903 = 3*y, 4*u - 2*y + 452 = 6*u. List the prime factors of u.
3, 5
Let o = 81 + -30. What are the prime factors of o?
3, 17
Let g(f) = f**3 - 9*f**2 + 3*f + 22. List the prime factors of g(9).
7
Let z be (1/3)/((-1)/(-9)). Let u(f) = f**2 + 2*f. Let j be u(z). Let w = j - 4. List the prime factors of w.
11
Let g = -18 + 103. Suppose -2*v + s + 46 = -4*s, -5*v + g = -5*s. What are the prime factors of v?
13
Let i = 53 + -8. What are the prime factors of i?
3, 5
Let i(g) = 2*g + 8. Let n(m) = 156*m**2. Let k be n(1). Let j be 6/27 + k/27. List the prime factors of i(j).
2, 5
Let h = 0 - 0. Suppose -w = -6*w + 110. Suppose h = -2*z + 4*z - w. What are the prime factors of z?
11
Let t(n) be the first derivative of -17*n**4/4 + n**3/3 + n**2/2 - 3. What are the prime factors of t(-1)?
17
Let a = 1 - 1. Let r(m) be the first derivative of m**3/3 + 10*m - 11. What are the prime factors of r(a)?
2, 5
Let m(h) = 5*h**2 - h**2 - h**2 + 6*h**2 - h. What are the 